(-20 + 161)
-67
What is the value of -82 - (66 - (76 - -20))?
-52
Calculate (-1 - -17) + (-6 + (-4 - -27) - 101).
-68
Evaluate 1 - (5 + (72 - (40 + -4))).
-40
145 - (144 + 73) - (-2 - -10)
-80
What is 4 + (8 + -21 - (-33 + 17)) - 70?
-63
What is the value of 3 - -4 - (-27 - (37 + -35))?
36
Calculate -48 + 80 + (-61 - 5) + -69.
-103
Evaluate -19 + (-16 - -9) + (9 - -26) - (4 + 139).
-134
What is the value of (16 + 2 - 15) + -14 - -24?
13
Evaluate 48 - (-17 - 1 - (-1 + -6 + 4)).
63
What is (-6 + -24 + (-19 - -45) - (1 + -17)) + -78?
-66
What is the value of (-2 - 13) + 33 + -98 + 13 + 29?
-38
-14 - ((-10 - -2 - 3) + 37 + -17)
-23
Evaluate -70 + -23 + 62 + -24.
-55
Calculate -35 - -1 - (-6 + 9 + 30 + -20).
-47
Calculate 1 + 1 + -6 + 23 + -82 + -2 + 17.
-48
(28 - 33) + -9 - (-12 + 11)
-13
Calculate -43 + (40 - 16) + 36.
17
1 + (-1 - 1) + 50 - (2053 - 2040)
36
686 + -651 - (0 + 51)
-16
What is (11 - 4 - (-28 - -45)) + 52?
42
What is the value of 37 - (25 - 5 - (32 + -25))?
24
What is -11 + (-1 + -14 - 4) + 71?
41
What is -36 + (1 + -13 - (-511 + 499))?
-36
What is the value of -114 + 102 - ((4 - 4) + (-61 - 5))?
54
Evaluate 2 + (5 + -22 + 17 - -15).
17
Evaluate (-51 - -44) + (16 - 1) + 2 + 21 + -32.
-1
Calculate -24 - -29 - (-47 + 8).
44
-57 - (-21 + (7 + 3 - (-25 + 24)))
-47
Calculate (33 - 133) + 66 - (-3 - 52).
21
What is the value of 5 + 31 + 10 + -2 + 57 + -52?
49
What is -11 + (-8 + 47 - (-40 + 63))?
5
What is 2 + 2 + (32 - -1) + 108?
145
What is the value of -46 - (-13 + (9 - 6 - 6) - -5)?
-35
What is the value of -105 + 99 - (-3 - 63 - -2)?
58
What is the value of 73 - (56 - (-31 + -45))?
-59
(-42 + (11 - 8) + -2 - 4) + 8
-37
What is 327 - 322 - (-4 + -22 + 6)?
25
What is the value of 0 + 0 + (-52 - -59) + (1 - 0)?
8
What is -147 + 121 - (-61 - -1) - 93?
-59
Calculate -23 + (-47 + 20 - -31) + 62.
43
What is -8 + 7 + (24 - (11 + -19 + 3))?
28
What is the value of -8 - (3 - 2 - 77 - (35 - (-10 - -50)))?
63
-42 + 37 + 2 + 24 + (97 - 143)
-25
(-60 - -85 - -20) + 6
51
Evaluate (-30 - 1) + -145 + 65 + 57 + 7.
-47
What is -58 + (-54 + 11 + 21 - -9)?
-71
-76 - (-68 + 24 + -56)
24
Calculate 3045 + -3069 + (-3 - -5 - (-1 + -2 + 2)).
-21
Evaluate ((-68 - 9) + 31 + (1 - -3) - 5) + 12.
-35
Evaluate (-2 - 21) + (709 - 708) - (1 + -104).
81
What is the value of (-3 + 1 - 124) + (8 - (12 - 22 - -11))?
-119
What is the value of -14 + -5 - -49 - 67?
-37
-37 + 75 - (2 - (-10 - -10))
36
-87 + 6 + (-7 - 8) + 11 - (-3 - 0)
-82
58 + 52 + -32 + -99
-21
Calculate -30 + -26 + 93 + -28 + -17.
-8
What is 2 - (-53 - (-12 - 1) - -8 - -2)?
32
What is -2 + 0 + -18 + 131 + -268 + 215?
58
What is the value of (-2 - -8 - (13 - (4 + 3))) + (-69 - -2)?
-67
13 - (18 + -9 + -33)
37
-85 + 20 - (533 + -509)
-89
Evaluate 55 - (26 + 96 + -90).
23
What is the value of 48 + -5 + (7 - 3) + -8 + -18?
21
0 - -1 - (-11 + 9) - -2 - (-41 + -16)
62
Evaluate (76 + -24 - 43) + 1 + 3 + 9.
22
Evaluate 5 + 73 + (8 - (-5 + 11 - -2)).
78
What is (-3 - 1 - -1) + -381 + 226 + 116?
-42
What is 3 + 2 + 65 - -2 - (59 + -93 + 46)?
60
Evaluate (-131 - -84) + -56 + 40.
-63
What is 4 + 1 - (-1 + 13 + -2 + 6 - -19)?
-30
10 - ((-12 - -7) + (-20 - -7) + 4)
24
What is the value of -2 + -8 + 13 + -13 - -4 - 13?
-19
Calculate -2 - (-1 - -5 - (-95 - -103)) - (71 + 3).
-72
What is the value of -5 + 1 + (-1 - 0) - (-105 - -154 - 60)?
6
Calculate -116 - -158 - 34 - 111.
-103
Calculate (-1078 - -1083) + (-84 - -1).
-78
(1 - -51) + (-94 - -98) + -16
40
What is the value of -9 - -2 - (-20 - (155 - 18))?
150
Evaluate (11 - -1) + (-7 - -26) + 1 + -25 + -2.
5
Calculate 14 - (-57 + 68 - (7 - -1)) - (-1 - 10).
22
Calculate -55 + -1 + -7 + (-168 - -168).
-63
What is 43 - (135 - 42 - 124)?
74
What is (17 - -6 - (-2 - -6)) + 18?
37
2 - 3 - -40 - (33 + (-3 - 37))
46
What is -39 + (27 + -19 - -7) + 31?
7
-140 - (-122 - -54) - -98
26
Evaluate (9 - (30 + -4 - 10 - 6)) + -9 + -3.
-13
Evaluate 0 - 1 - (-2 + -9) - (1459 + -1397).
-52
Evaluate 3 + (2 - ((61 - 12) + -3) - -15).
-26
Evaluate (81 + -39 - 22) + 13 + -42.
-9
What is (26 - -6) + (-3 + 21 - 26) + 3?
27
What is the value of -4 + (6 - 8) + 9 + -26?
-23
Evaluate 11 + (24 - 16) + (-28 - 2).
-11
What is -67 + 27 + (76 - 67)?
-31
What is the value of 92 + (18 - 21) - 28 - ((-3 - -5) + -13)?
72
Calculate 40 + (-45 - 17) + 9.
-13
(-1 - 97 - 0) + 172 + -84 + -78 + 2
-86
Evaluate (36 - (6 - 8)) + -26 - (0 - 6).
18
What is the value of 45 - ((86 - 39) + -72)?
70
What is ((-87 - -169) + -90 - (-1 - 0)) + -9?
-16
What is 3 - (-1 + 2 - (-7 + (26 - 7))) - -66?
80
-28 + (2 + -9 + 9 - (-3 + 9))
-32
What is 22 + (-8 - -22 - ((4 - 0) + 2))?
30
What is (-1 - 41) + (6 - (8 + -4) - 6) - -1?
-45
What is 1 + -1 + -19 - ((-166 - -88) + 87) - 13?
-41
Evaluate ((-36 - -1) + 2 - (-24 + 25 + -3)) + 1.
-30
Evaluate -62 - (6 + (-18 - -35 - 21)).
-64
Calculate -10 - (4 + -1 - (-36 + -6 + (-14 - -11))).
-58
-30 - (-48 - -10) - -59
67
Evaluate (18928 - 18824) + 8 + (-3 - (-3 - -3) - -2).
111
What is the value of 7 - (1 + -12 - 0 - (151 + -266))?
-97
Evaluate -27 + -21 - -107 - 78.
-19
(429 - 510) + -19 + 104
4
What is the value of 4 + (-21 - -22) - (-48 - (4 + -1 - -3))?
59
What is 3370 + -3351 + 46 + -1?
64
What is the value of 3 - (27 - (5 - (20 + (0 + 8 - 12))))?
-35
What is -8 + 18 - (4 + (4 - 10) + (18 - -5))?
-11
What is the value of -97 + (-74 + 211 - 53)?
-13
Evaluate 53 - 6 - (-22 + -47 - -48).
68
(-9 - 197) + 95 - -96
-15
Evaluate 33 + 1 + (-4 - 26).
4
Evaluate (50 - 39 - 36) + 71.
46
Evaluate (18 - 2) + (205 - 201) + -37.
-17
Calculate -96 + -5 - ((-1 - -9 - 1) + (0 - 12)).
-96
Evaluate (-84 - (59 + -111)) + 0 + -6.
-38
(1 - 51) + -1082 + 1198
66
What is the value of (30 - (-2 - (3 + (-7 - -10)))) + 0?
38
Evaluate -8 + -12 + -16 + 13 + 9 - -13.
-1
What is (-20 - -53) + 6 + -20 + 1 + (-12 - -1)?
9
Evaluate (-10 + 14 - 5) + (-54 - -81).
26
Evaluate (-38 - 8 - (4 - 1 - 7)) + 5 - -4.
-33
What is -4 - 43 - (-15 - -16 - (-47 - -64))?
-31
Evaluate -12 + (32 - (15 - -10)) + 53 + 1 + 0.
49
Evaluate -101 - ((-1 - 1) + (16 - (29 + -26)) + -19).
-93
Evaluate (-39 + 3 - -43) + -41 + -49.
-83
Calculate -479 + 470 - (2 + -6).
-5
Evaluate (-151 - -79) + (1 + 14 - 2).
-59
What is -5 + 29 + 2 + -25?
1
What is 512 - 501 - (0 - 16) - 16?
11
Evaluate -50 + -7 + 0 + -23 + 33.
-47
27312 + -27245 + (2 + -4 + 0 - 2)
63
Evaluate 13 + 2 - (-33 + 8 + 2).
38
Calculate (15 - 1) + 20 + -276 + 155.
-87
8 + (53 - ((9 - 14) + -10) - -6)
82
Calculate -1312 - -1401 - (42 + 4).
43
17 - (12 + (-15 - 20) + 17)
23
Evaluate -13 + (3 - (-1 - -5)) + (233 - 236).
-17
Calculate 25 + -11 + -6 - (0 + 0) - (38 - -1).
-31
Evaluate 57 - 6 - (7 + -24 + 36).
32
Calculate (60 - (-4 - -71)) + (0 - -3 - 1 - -7).
2
84 - ((-2 - -4) + -2) - (0 - (20 - 30))
74
Evaluate 1 - (-23 - -11 - -12) - -7 - (1 + 122).
-115
Calculate (-62 - -40) + -29 + (55 - 7).
-3
Evaluate 20 + -6 + 859 + -1006.
-133
-21 + -12 + -6 + 22 - -47
30
Evaluate -31 + (8 - (-4 + 5)) - -15.
-9
Evaluate 8 - (11 - 3) - 13 - -3 - -41.
31
Evaluate -12 + 42 + -23 + 84.
91
Evaluate -1 + -40 + -670 + 695.
-16
Evaluate (-42 - -29) + 29 + 28.
44
-125 + (-3 - 1) - 0 - (94 - (5 + 90))
-128
Evaluate -1 - (44 + -45 - 19).
19
5 + (0 - 1) + -1 - (-30 + 16 + -5)
22
-16 + (-5 - (-34 + 4 + 81))
-72
Evaluate (7 - -10 - (39 + -31)) + (-7 - -1).
3
34 + 0 - (77 - 101) - (-20 - 0)
78
Calculate 90 - (5 - (-8 + 19 + -12)) - (-1 - -15).
70
What is (-637 - -633) + (-5 + 45 - 2)?
34
What is the value of -26 + (-19 + 6 - 20) + 40?
-19
What is -14 + 1 - (20 - -126) - -11 - (-13 - 0)?
-135
What is 15 - 1 - (15 + -3) - (-35 + 2)?
35
62 + 28 + -36 + -6
48
Evaluate -31 + 17 + (25 - (4 - 9)) + 54.
70
-4 - (-11 + -14 + 27 + (-16 - -4))
6
What is 17 - 0 - (1 + 37 + 796 + -754)?
-63
-18 - -3 - (33 - (68 + -28))
-8
What is the value of 1552 + -1527 - (-1 + 21)?
5
Calculate 13 - (-20 - (-17 + -12) - -9) - -54.
49
5 - (-16 + -10) - (-15 - -4)
42
What is the value of (41 - (20 + -2 - 5)) + (-18 - -11)?
21
What is the value of (-3 - (2 + 10) - -10) + -22?
-27
What is the value of ((-26 - (18 - 22)) + 49 - 13) + 55?
69
What is 34 + -4 - ((12 - 19) + 14 + 3)?
20
What is the value of 18 + (19 - 25 - -13) - -23 - 19?
29
(-25 - -38 - 14) + (1 - 3) + -52 + 4
-51
What is the value of (-1 - -66) + 5920 + -5918?
67
What is the value of 